-2 - 6/(-9)?
14
Let o = -73 + 74. Suppose -n + 6 = -o. Calculate the remainder when -17*1*1/(-1) is divided by n.
3
Suppose 2*d + 33*x = 34*x + 3077, -7709 = -5*d - 3*x. Calculate the remainder when d is divided by 763.
14
Let u = 3337 + -2966. Calculate the remainder when u is divided by 91.
7
Let o = 383 + -379. Suppose i + c = 51, i - o*i - 5*c + 151 = 0. What is the remainder when 75 is divided by i?
23
Let c(r) = 25*r - 83. Suppose -102 = -10*g + 698. What is the remainder when c(10) is divided by g?
7
Suppose 83085 = 237*g - 68817 - 11391. Calculate the remainder when g is divided by 57.
5
Let h(m) = -3*m**3 + 4*m**2 + 35*m + 43. Calculate the remainder when h(-5) is divided by 84.
7
Suppose -3*m = -3*l, 5*m + 12 = l + l. Calculate the remainder when 92 is divided by (-2)/(((-1)/((-6)/4))/m).
8
Calculate the remainder when 8/10 - (-617057)/1285 is divided by 46.
21
Calculate the remainder when (1513 + -1492)/((-4)/14 + 473/1582) is divided by 33.
31
Let a be 36/(-2)*(-87)/6. Suppose p = -5*b + 34 + 5, 0 = 2*p + 5*b - 53. Suppose p*u = 17*u - a. What is the remainder when u is divided by 18?
15
Let t = 29 + 103. Suppose -3*q = -r - 2*r - t, -2*q = 4*r - 64. What is the remainder when q is divided by 9?
4
Let b = -7447 - -7702. What is the remainder when 1276 is divided by b?
1
Let s be 3/((63/(-110))/21). Let x = -55 - s. Calculate the remainder when 92 is divided by x.
37
Let s be -32*2/(-6)*108/(-24). Let k = -42 - s. What is the remainder when 15 is divided by (-8 + k)/(-2*(-2)/(-8))?
3
Suppose 10*h - 5*h + 70 = -4*z, 2*z + 10 = 0. What is the remainder when (-2)/4 + (-395)/h is divided by 12?
3
Suppose -396 = -2*k + 37*g - 38*g, k - 204 = g. Calculate the remainder when k is divided by 35.
25
Let j = 13113 + -6858. Calculate the remainder when j is divided by 14.
11
Suppose 826 = 12*i - 38. Let l(q) = q**3 + 8*q**2 - 5*q + 3. Let o be l(-4). Let t = o - i. What is the remainder when 74 is divided by t?
14
Suppose q = -4*m + 6*q + 122, -5*m - 4*q = -173. Let y(l) = 1768*l - 10413. What is the remainder when y(6) is divided by m?
30
Let n = -199 + 263. Suppose o + 10*q - 130 = 5*q, -o + 100 = -5*q. Suppose -o = n*i - 69*i. Calculate the remainder when 68 is divided by i.
22
Suppose 0 = -22*w + 106 + 114. What is the remainder when 388 is divided by w?
8
Let u(d) = -d**2 + 532*d + 3232. Calculate the remainder when 1139 is divided by u(-6).
3
Let t(n) = -n**3 - 26*n**2 + 66*n - 119. Let s be t(-29). Let w = s - 447. Calculate the remainder when 381 is divided by w.
37
Let u = -331155 - -331175. Let q(i) = 14*i - 7. Suppose 3*t = m - 0*t, 2*m = -3*t + 18. Calculate the remainder when q(m) is divided by u.
17
Calculate the remainder when (5 - (-30920)/25)*5 is divided by 2068.
5
Let m(x) be the first derivative of 7*x + 9*x**2 - 2/3*x**3 + 7. Calculate the remainder when 78 is divided by m(8).
9
Let w = 143 - 72. Calculate the remainder when w is divided by 7.
1
Let f(j) = -9*j - 1. Let s(g) = -g**3 - 23*g**2 - 64*g - 40. What is the remainder when s(-20) is divided by f(-2)?
6
Suppose -9 = 3*i, 2*y + 4*i - 2*i = 328. Suppose -29 - 25 = -2*m + 4*d, y = 5*m - 2*d. Calculate the remainder when 95 is divided by m.
25
What is the remainder when 770 is divided by 2*1/4*-2*(2850 - 3060)?
140
Let b(x) = 9*x - 4. Let y(n) = -n - 2. Let c be y(-6). Suppose -2*z - c = -3*p + 5, -2*p = 2*z - 16. Calculate the remainder when b(3) is divided by p.
3
Let y be (9/(-3))/((-6)/50). Let j = y - 13. What is the remainder when (3 - (35/42 + 2))*138 is divided by j?
11
Let i = 1297 + 487. Calculate the remainder when i is divided by 59.
14
Let h be 306*((-9)/(-21) + 34/(-14)). What is the remainder when (-2)/(-3*(-8)/h) is divided by 20?
11
Let n(g) = -130*g**3 - 5*g**2 + 2*g + 9. Calculate the remainder when 247 is divided by n(-1).
115
Let q be -3 - (-1 + 3 + -5 - 19). Suppose -5*o + 169 = h, -3*h - 124 = -3*o - q. Calculate the remainder when 44 is divided by o.
10
Suppose 0 = -10*k + 663 + 547. Suppose 37*n = 19*n + 378. What is the remainder when k is divided by n?
16
Let m = -251 + 255. Suppose 2*a + m*k = 550, a - 538 = -a - k. What is the remainder when a is divided by 15?
12
Suppose -33 = -3*f - 45, -5*v + 174 = -f. Suppose 6*a = v*a - 560. Calculate the remainder when 113 is divided by a.
13
Let q = -32274 - -32637. What is the remainder when 12704 is divided by q?
362
Let u = -7456 - -7673. Calculate the remainder when 830 is divided by u.
179
Suppose -5*l = 16*l - 105. Suppose l*h = 3*u - 172, 159 - 7 = 3*u - h. What is the remainder when 241 is divided by u?
45
Suppose -k = 5*d - 1 - 46, 0 = 2*d - k - 23. Suppose 14*b + 3*a = 18*b - 1261, 2*a - d = 0. Calculate the remainder when b is divided by 23.
20
Let v = -26 - -20. Let c(a) = -a**3 - 5*a**2 + 2*a - 12. Let t(p) = -p**3 - 23*p**2 - 44*p + 5. What is the remainder when t(-21) is divided by c(v)?
11
Let t(p) = p**3 - 2*p**2 - 5*p + 2. Let l be (4/(-10))/((-2)/20). Let h = 245581 - 245542. Calculate the remainder when h is divided by t(l).
11
Suppose 2 = 3*i - i, 5*b - 37 = 3*i. Suppose 3*u = b*u - 40. Suppose -u*l + 101 - 37 = 0. What is the remainder when 47 is divided by l?
7
Let y = 0 + 27. Suppose -2*j + 206 = 3*l, -29*j + 31*j - 3*l - 218 = 0. What is the remainder when j is divided by y?
25
Let k(d) be the third derivative of -4*d**2 - 5/24*d**4 - 7/6*d**3 + 0 + 0*d + 1/30*d**5. What is the remainder when k(-5) is divided by 23?
22
Suppose -60462 = 8903*l - 8921*l. Calculate the remainder when l is divided by 31.
11
Suppose -l + 305 = 4*c, -17*l = -20*l - 9. Calculate the remainder when 211 is divided by c.
57
Let q(p) = 4*p**3 + 84*p**2 - 39*p + 33. What is the remainder when q(-20) is divided by 15?
13
Let n(a) = 5*a**3 - 20*a + 1594. Calculate the remainder when n(0) is divided by 522.
28
Let k = -81 + 93. Let m be (0 - -1)*(0 - -4). Suppose 3*d = -m*o + 67, 2*o = 5*d - d + 50. What is the remainder when o is divided by k?
7
Let j(t) = 9*t + 27. Suppose -5*v + 0 + 10 = 4*k, 0 = -2*k - 5*v. Calculate the remainder when j(5) is divided by k.
2
Let u(f) = -6*f + 27*f - 10 - 26*f - 10. Calculate the remainder when u(-7) is divided by 2/(-7) - 30/(-7).
3
Let n = -3929 + 5720. Calculate the remainder when n is divided by 28.
27
Suppose 0 = 4*u - 5*u + 110. Calculate the remainder when u is divided by -14 + (-203)/(-5) + (-1240)/775.
10
Let z = -102 - -114. What is the remainder when 54 is divided by z/18 - 244/(-12)?
12
Suppose o - 6*o + 3724 = 549. What is the remainder when o is divided by 16?
11
Suppose -5*w = q - 5*q - 5, -q = w - 1. Suppose -3*l + 86 = b, 3*l - 74 = -q*b + 5*b. What is the remainder when 58 is divided by l?
2
Suppose 283*s = 281*s + 110. What is the remainder when 46 is divided by s/(-2)*(14 - 1036/70)?
2
Let x = -11096 + 11142. What is the remainder when 688 is divided by x?
44
Suppose -4*i - 3*h + 299 = 0, 4*h - 342 = -4*i - 42. What is the remainder when 365 is divided by i?
69
Let u be -1 - (-3 - -2) - -9. Suppose -13*v = -u*v + 8. Calculate the remainder when 3 is divided by 6 + -2 + 1/2*v.
0
Suppose 7*n - 9 = 5. What is the remainder when 3/8 + (-130)/(-80) is divided by (40/50)/(n/(-5)*-1)?
0
Let q = -110 - -209. Suppose -12*z = -769 - 851. Let w = z - 110. Calculate the remainder when q is divided by w.
24
Suppose -12*z + 2070 = -7*z - 7*y, 4*y = -z + 441. What is the remainder when z is divided by 61?
55
Suppose 0 = 5*u + 6 - 31, 0 = 4*w + 4*u - 32. Suppose -w*x = 3*r - 15, -8*x = r - 3*x + 3. Calculate the remainder when 32 is divided by r.
4
Let q(t) = -38*t - 406. What is the remainder when 1198 is divided by q(-12)?
48
What is the remainder when (-128)/4*(-82 + 68) is divided by 15?
13
Let q(a) = -a**3 - 8*a**2 + 2*a + 15. Let l be q(-7). Let f = 68 - l. Calculate the remainder when f is divided by 20.
16
Let j be (-88)/(-46) - (-36)/414. Suppose -4*w + 548 = -j*f + 6*f, -f - 697 = -5*w. What is the remainder when w is divided by 35?
34
Let p(s) = s**3 + 31*s**2 + 83*s + 75. What is the remainder when p(-28) is divided by 77?
26
Suppose -6*b + 2 = -2*i - 8*b, 3*i = -2*b - 4. Let p(y) = 2*y - 8. Let a be p(-7). Let c = i - a. What is the remainder when 39 is divided by c?
19
Let q = 30 - -134. Calculate the remainder when q is divided by 131.
33
Let m(g